 + 9 = -2*d. What is the remainder when t is divided by (5 + 0)*1 + 1?
5
Let a(o) = 4*o - 4. Let l be a(8). Suppose l - 8 = 5*p. What is the remainder when 6 is divided by p?
2
Let v(c) = 4*c**2 - 7*c - 2. Let t be v(-3). Suppose -t = a - 6*a. Let l = -11 - -17. Calculate the remainder when a is divided by l.
5
Suppose a - 7 = 5*b, 0*a + 2*b = -4*a + 50. What is the remainder when a is divided by 7?
5
Let d(k) = k**2 - 5*k + 2. Let q be d(6). Calculate the remainder when 24 is divided by (4/q)/(2/52).
11
Suppose -2*c + 6*c - 212 = 0. Let x = c + -9. What is the remainder when x is divided by 15?
14
Suppose 0 = -4*b + 2*n - 3*n + 245, -2*n = 6. What is the remainder when b/4 + (-3)/(-6) is divided by 6?
4
Suppose r - 28 = 2. Calculate the remainder when 87 is divided by r.
27
Suppose -z = -0*z - 40. Suppose -4*p + 2*p = -28. What is the remainder when z is divided by p?
12
Let v be (-425)/(-10)*(-8)/(-10). Let g = v + -24. Calculate the remainder when 19 is divided by g.
9
Suppose 8*r - 3*r + 13 = -3*f, f + 1 = -5*r. Let q be (-2)/f + 17/3. Suppose -2*y = -0*y - q. What is the remainder when 5 is divided by y?
2
Suppose 3*q - 2*u - 18 = 0, -5*q - 13 = -5*u - 48. Let b(r) = -2*r - 11. Calculate the remainder when q is divided by b(-7).
1
What is the remainder when ((-39)/(-2))/(5/10) is divided by 14?
11
Let g = 47 + -26. Let y = 78 - 16. What is the remainder when y is divided by g?
20
Let f(v) = 3*v**3 - 4*v**2 + 6*v - 2. Calculate the remainder when f(3) is divided by 17.
10
Let c(i) = 4*i**2 - 2*i + 1. What is the remainder when 12 is divided by c(1)?
0
Suppose 46 = 3*u + 5*r, -3*u = u - 3*r - 13. Suppose 5*w - 27 = -4*x, -2*x = 3*w - 4*x - 3. What is the remainder when u is divided by w?
1
Let m(p) = -p - 3. Let b(c) = c**2 - 9*c + 8. Let k be b(7). Calculate the remainder when 8 is divided by m(k).
2
Suppose -10*r + 8*r = -22. Calculate the remainder when 32 is divided by r.
10
Suppose -7*d + 3*d = -4, -a + 18 = -d. Calculate the remainder when a is divided by 5.
4
Calculate the remainder when ((-11)/1*3)/(-1) is divided by 9.
6
Suppose -o + 3 = -0*o. Suppose 5*g - 34 = o*g. What is the remainder when g is divided by 5?
2
Let s(c) = 4*c**3 - 3*c**2 - 4*c - 1. Let t(r) = r**3 - r**2 - r. Let g(v) = s(v) - 5*t(v). Calculate the remainder when g(-2) is divided by 7.
6
Calculate the remainder when 51 is divided by -2 - (3032/(-104) - 2/(-13)).
24
Let i = 0 - -3. Let z(w) = -w**3 - w**2 + 2*w + 1. Calculate the remainder when i is divided by z(0).
0
Let i(f) = -f**3 + 3*f**2 + 3*f - 3. Let v be i(3). Let g(r) = 5 + r + 2 - 3. Calculate the remainder when 38 is divided by g(v).
8
Let q = 12 + -4. Calculate the remainder when 29 is divided by q.
5
Let x(i) = -i**3 + 4*i**2 + 4*i - 6. Calculate the remainder when 38 is divided by x(4).
8
What is the remainder when ((-129)/(-9))/((-1)/(-3)) is divided by 23?
20
Suppose -7 = v - 3. Calculate the remainder when 15 is divided by ((-18)/4)/(2/v).
6
Let g = 7 - 16. Let z be (-150)/g*6/5. Suppose -z = -v - v. Calculate the remainder when 28 is divided by v.
8
Suppose -5*t + 85 = -5*v, -3*v = 2*t + v - 64. Let u = t + -7. Calculate the remainder when 28 is divided by u.
13
Suppose 0 = 3*r, -5*r - 3 = -2*m - 5. Let z(h) = -1 + h**3 - 4*h**3 + 4*h**2 + 2*h**3 - 2*h**2. Calculate the remainder when z(m) is divided by 2.
0
Let a = -8 + 10. Suppose a*b = 5*r - 92, -5*r - 52 = -8*r - 2*b. Let v(q) = q**3 + 7*q**2 + 4*q - 7. What is the remainder when r is divided by v(-6)?
3
Suppose y + 0*y - 5 = 0. Let s(b) = 6*b - 4. What is the remainder when s(3) is divided by y?
4
Suppose 18*t - 14*t = 260. What is the remainder when t is divided by 22?
21
Let p(q) = q**2 - 3*q + 7. Calculate the remainder when p(-5) is divided by 8.
7
What is the remainder when 58 is divided by (3 + -3)/(-2) + (26 - 6)?
18
Let i be (-6)/(-9) + 46/3. Suppose -4*h + 5*p = 24, 3*h = 5*p - i - 7. Let z(d) = -13*d - 1. What is the remainder when 35 is divided by z(h)?
11
Suppose 2*i + 2*i - 588 = 0. Suppose -3*h - i = -3*v, h = -h - v - 110. Let k = -38 - h. Calculate the remainder when 44 is divided by k.
14
Suppose g - 2*q = -0 + 5, 9 = 2*g - 3*q. Calculate the remainder when g is divided by 3.
0
Let c = -27 + 39. Let i = 61 - 38. Calculate the remainder when i is divided by c.
11
Let z(f) = 2*f**3 - 3*f**2 - 2*f + 2. Suppose 0 = -5*b - 13 + 3. Let m be (-6)/8*b*2. What is the remainder when 67 is divided by z(m)?
21
Suppose -6*b + 2*b + 226 = 5*y, -2*b = -2*y + 76. Let i = -18 - -29. Calculate the remainder when y is divided by i.
9
Suppose 36*x + 74 = 38*x. What is the remainder when x is divided by 10?
7
Suppose 3*p - 8 - 1 = 0, -4*m + 334 = -2*p. What is the remainder when m is divided by 22?
19
Let w = -2 + 10. What is the remainder when 31 is divided by w?
7
Let j = -9 - -12. Suppose -j*l - 5*v + 113 = 0, -13 = -3*l + 3*v + 68. Calculate the remainder when 59 is divided by l.
28
Let l be 2/(-4) + 30/(-12). What is the remainder when (57 - 0)*(-2)/l is divided by 20?
18
Suppose 77*i - 81*i = -228. Calculate the remainder when i is divided by 21.
15
Let o(r) = r**2 + 4*r - 6. Let j be o(-5). Let q be (1 + j)/(6 - 7). Suppose q = -2*u + 7 + 15. Calculate the remainder when 21 is divided by u.
10
Let b be (-1)/((-2)/(-12))*-1. Suppose n = 8 + b. Suppose -h - w + 10 = -n, 5*w = h + 6. Calculate the remainder when h is divided by 7.
5
Suppose -p + n - 30 = 5*n, 4*p - 2*n = -48. Let h = p + 22. What is the remainder when 15 is divided by h?
7
Suppose -3*p - 2*p = -n, 4*n + 3*p = 23. Suppose -2*f - 3 = -3*f + 5*k, f = k + 7. Calculate the remainder when f is divided by n.
3
Let w = 5 - 0. Suppose w*b - 33 = 52. What is the remainder when 32 is divided by b?
15
Suppose 0 = -i - 0*i - 3, -3*g + 36 = i. Let x be (-26)/6*7*3. Let q = -53 - x. Calculate the remainder when q is divided by g.
12
Suppose 5*z - 15 = 2*c - 3*c, 2*z + 4*c = 6. Suppose -51 = z*a - 6*a. Suppose -u = -3*u + 12. What is the remainder when a is divided by u?
5
Suppose -4*r - h = -177, 0*h - 173 = -4*r + 3*h. Calculate the remainder when 86 is divided by r.
42
Let b be (-28)/(-21) + (-326)/6. Let t = b + 74. Calculate the remainder when 61 is divided by t.
19
Let u(n) = 4*n - 9. What is the remainder when 106 is divided by u(9)?
25
Let v(d) = 2*d - 3. Let a be 5*4*(-2)/(-4). Suppose a = 5*h, -2*h - 3 - 1 = -f. What is the remainder when v(f) is divided by 5?
3
Suppose 4*x + 0*x = 72. Suppose -8*d + 7*d = -34. What is the remainder when d is divided by x?
16
Calculate the remainder when 30 is divided by 344/32 + 2/8.
8
Suppose -100*z = -99*z - 90. Calculate the remainder when z is divided by 31.
28
Let j(n) = 2*n + 7. Let m be j(-6). Let z = m - -9. Suppose l + 52 = 4*l - z*u, 0 = -l + 5*u + 32. What is the remainder when 22 is divided by l?
10
Let x(y) = y**3 - 5*y**2 + 2*y - 6. Let q be x(5). Suppose -q*i = 3 - 11. Suppose 0 = 4*j - 38 + i. What is the remainder when 24 is divided by j?
6
Suppose 0 = 5*p - 2*p - 15. Let x(h) = 3*h + 7. Let o be x(p). Let c = o - -6. Calculate the remainder when c is divided by 10.
8
Suppose 0 = -0*b + 5*b - 170. Let f = -4 - -16. What is the remainder when b is divided by f?
10
Calculate the remainder when 11 is divided by 0 + 0 - -2 - -1.
2
Let d = 1 - -3. Suppose 0 = -2*y + 5*y + 63. Let p = -14 - y. What is the remainder when p is divided by d?
3
Let o(m) = -m**3 + 6. Suppose -2*j - 5 = 2*g - 7*j, 2*g + j + 11 = 0. Calculate the remainder when g*3/9*-6 is divided by o(0).
4
Let c(l) be the first derivative of 3/2*l**2 + 2*l**3 - 1 + 1/4*l**4 + 6*l. What is the remainder when c(-4) is divided by 14?
12
What is the remainder when 233 is divided by 64/5 + (-5)/(175/(-7))?
12
Let y(d) = -23*d + 61. What is the remainder when y(-7) is divided by 45?
42
Suppose 0 = -0*f - 2*f + 20. Calculate the remainder when 67 is divided by f.
7
Suppose 5*k = 2*q + 16 - 61, -5 = q + 3*k. Calculate the remainder when 27 is divided by q.
7
Let d(q) = -3*q**2 - 3*q + 8. Let z(j) = 4*j**2 + 4*j - 8. Let g(o) = 6*d(o) + 5*z(o). What is the remainder when g(-4) is divided by 2/(-1 - 1)*-11?
10
Calculate the remainder when (-3)/(-2)*4/(-2) + 16 is divided by 2.
1
Let t(u) = -2 + 0*u + 7*u - 1 - 3*u. Calculate the remainder when 115 is divided by t(8).
28
What i